0. Calculate d(-45).
5
Let x(t) = 556*t - 2215. Calculate x(4).
9
Let o(f) = -67*f + 134. Determine o(1).
67
Let l(b) = -1257*b - 12574. Calculate l(-10).
-4
Let v(u) = -5*u**3 + 2*u**2 - 8*u + 13. Give v(4).
-307
Let j(w) = -519*w - 4160. What is j(-8)?
-8
Let v(t) = 2*t**3 - 3*t**2 - 3185*t + 9534. Determine v(3).
6
Let n(q) = -q + 14. What is n(-9)?
23
Let m(l) = l**3 + 34*l**2 + 65*l + 76. Determine m(-32).
44
Let q(b) = 37*b - 2070. Calculate q(57).
39
Let b(f) = -82*f + 142. What is b(4)?
-186
Let f(z) = -6*z**3 - 31*z**2 - 2*z + 17. Give f(-5).
2
Let o(z) = z**3 - 8*z**2 - 100*z - 21. Determine o(14).
-245
Let s(o) = 16*o**2 - 7*o + 10. What is s(0)?
10
Let y(s) = 14*s - 226. Give y(4).
-170
Let f(c) = c**2 - 41*c - 108. Calculate f(43).
-22
Let g(v) = -14*v - 18. Give g(6).
-102
Let z(d) = 93*d + 527. What is z(-6)?
-31
Let q(x) = -2*x**2 - 37*x + 172. Give q(4).
-8
Let u(s) = s**3 - 72*s**2 - 4*s + 283. What is u(72)?
-5
Let d(m) = -m**2 + 275*m - 8163. Calculate d(34).
31
Let f(q) = q**2 - 331*q - 52994. What is f(-118)?
-12
Let d(v) = -2054*v - 10272. Determine d(-5).
-2
Let z(r) = r**3 + 8*r**2 + 157*r + 1511. What is z(-9)?
17
Let x(y) = -y**2 - 613*y - 7216. Give x(-12).
-4
Let g(d) = -3*d**3 + 9*d**2 + 31*d - 1. What is g(6)?
-139
Let a(v) = v**2 + 91*v - 897. Give a(9).
3
Let q(f) = 2*f**2 - 54*f + 69. Give q(7).
-211
Let v(c) = -c**3 + 61*c**2 - 9*c + 564. What is v(61)?
15
Let s(h) = 4*h**2 - 437*h - 7871. Give s(125).
4
Let c(m) = m**3 + 43*m**2 + 160*m + 160. What is c(-39)?
4
Let a(w) = 1175*w - 1300. What is a(1)?
-125
Let j(p) = -p**3 + 34*p**2 + 31*p - 719. Determine j(34).
335
Let m(p) = 7*p**2 + 183*p + 1193. Determine m(-13).
-3
Let o(a) = -a**3 - 12*a**2 + 25*a + 63. Determine o(-13).
-93
Let s(z) = -z**2 + 16*z + 210. Calculate s(22).
78
Let k(h) = h**2 + 183*h - 5701. Calculate k(-210).
-31
Let y(r) = 20*r**2 - 38*r - 265. What is y(-6)?
683
Let s(i) = -i**3 + 25*i**2 + 86*i - 43. What is s(28)?
13
Let w(i) = i**3 - 134*i**2 + 641*i + 22. Determine w(5).
2
Let t(n) = -118*n - 1943. What is t(-15)?
-173
Let a(s) = -s**2 + 279*s + 5342. Give a(-18).
-4
Let c(x) = -x**3 - 3*x**2 - 5*x + 2. Calculate c(-4).
38
Let r(d) = 80*d + 3464. Give r(-45).
-136
Let z(i) = -30*i + 905. What is z(30)?
5
Let g(h) = -618*h + 11050. What is g(18)?
-74
Let l(f) = -f**3 + 3*f**2 + 8*f - 9. Determine l(0).
-9
Let v(s) = 11*s**2 - 21*s + 78. Give v(8).
614
Let k(s) = -4*s**2 - 70*s - 298. Give k(-7).
-4
Let z(g) = 10*g + 348. Determine z(-7).
278
Let d(a) = -11*a**2 - 154*a + 2276. Calculate d(9).
-1
Let h(a) = -2477*a - 34678. Determine h(-14).
0
Let g(j) = j**2 + 34*j + 310. Calculate g(-13).
37
Let t(x) = -x**3 + 3*x + 62. What is t(0)?
62
Let j(l) = 3*l + 29. Give j(-14).
-13
Let z(n) = 24*n**2 + 162*n + 162. What is z(-1)?
24
Let d(c) = -2*c**2 + 471*c + 3876. Determine d(-8).
-20
Let d(s) = s**3 - 7*s**2 + 32*s + 662. Give d(-6).
2
Let u(w) = -2337*w - 9331. Give u(-4).
17
Let q(c) = c**3 + 16*c**2 - 72*c - 78. Determine q(-19).
207
Let x(q) = -272*q - 818. Determine x(-3).
-2
Let j(g) = -24*g**2 - 700*g - 126. What is j(-29)?
-10
Let k(u) = -u**2 + 38*u - 272. Calculate k(29).
-11
Let z(t) = t**2 + 25*t + 255. Determine z(-20).
155
Let y(i) = 254*i - 7086. Calculate y(28).
26
Let w(i) = -54*i + 1452. What is w(23)?
210
Let v(i) = 55*i**3 - i**2 - 14*i - 7. What is v(-3)?
-1459
Let h(s) = 361*s + 33205. Calculate h(-92).
-7
Let s(i) = 9*i**2 - i - 1. Determine s(-1).
9
Let g(r) = 2*r**2 - 6*r + 30. Determine g(0).
30
Let h(f) = 3*f**2 + 2348*f - 11828. What is h(5)?
-13
Let x(c) = 335*c - 1994. Give x(6).
16
Let r(g) = -10*g - 83. Determine r(9).
-173
Let x(y) = 2*y**3 + 42*y**2 + 34*y + 2892. Give x(-23).
-6
Let z(y) = 5*y**3 - 78*y**2 - 30*y - 27. Determine z(16).
5
Let n(x) = -5*x**2 - 67*x - 87. What is n(-12)?
-3
Let z(x) = -6*x**2 + 551*x + 2222. What is z(-4)?
-78
Let x(w) = 2391*w + 35871. What is x(-15)?
6
Let q(z) = 14*z - 247. What is q(20)?
33
Let u(m) = m**3 - 11*m**2 - 2*m + 174. Give u(9).
-6
Let x(p) = -p**2 - 2*p + 265. Calculate x(-17).
10
Let p(t) = -4*t - 95. What is p(-25)?
5
Let m(c) = -c**3 + 50*c**2 + 36. Calculate m(50).
36
Let w(g) = -g**2 + 459*g - 18995. Calculate w(46).
3
Let o(u) = 5*u - 235. Determine o(27).
-100
Let i(y) = 2*y**2 + 300*y - 26843. Give i(-213).
-5
Let n(v) = 26*v + 5. Give n(-4).
-99
Let r(t) = 107*t**3 - 3*t**2 - 9*t + 11. Determine r(1).
106
Let j(m) = 6*m**2 + 35*m - 8. Calculate j(0).
-8
Let g(c) = 252*c - 1284. Determine g(5).
-24
Let t(j) = 37*j**2 - 299*j + 6. Calculate t(8).
-18
Let y(g) = -g**3 + 63*g**2 - 414*g + 21813. Calculate y(62).
-11
Let f(r) = 2731*r - 13650. Calculate f(5).
5
Let v(d) = -2*d**3 + 99*d**2 - 129*d - 717. Give v(48).
3
Let c(j) = 63*j + 149. What is c(-13)?
-670
Let y(c) = 2*c**2 + 205*c - 763. Determine y(-106).
-21
Let u(d) = 178*d - 2172. Give u(12).
-36
Let c(v) = v**2 - 16*v - 69. Determine c(25).
156
Let m(j) = -2*j**2 - 3*j - 51. Calculate m(9).
-240
Let w(b) = b**2 + 15*b + 48. Determine w(-12).
12
Let z(p) = p**3 + 132*p**2 + 635*p - 6. Calculate z(-127).
-6
Let x(i) = 83*i**2 - 9132*i + 236. What is x(110)?
16
Let r(t) = 88*t + 796. Calculate r(-9).
4
Let m(l) = 6*l**2 - l - 283. What is m(0)?
-283
Let v(i) = -3*i**3 + 101*i**2 + 34*i - 5. What is v(34)?
-5
Let t(f) = -4*f**3 + 13*f**2 + 11*f - 18. What is t(5)?
-138
Let v(z) = -11*z**3 - 57*z**2 - 5*z - 4. Give v(-5).
-29
Let j(o) = 23*o + 13. What is j(-6)?
-125
Let m(a) = 35*a - 255. Calculate m(10).
95
Let l(o) = o**3 - 5*o**2 - 19*o + 17. What is l(7)?
-18
Let m(u) = -57*u - 1715. Calculate m(-30).
-5
Let l(w) = 58*w**2 + 3*w + 34. Determine l(0).
34
Let c(t) = -t**2 + 1707*t + 11982. Give c(-7).
-16
Let q(z) = 1016*z + 7015. Give q(-7).
-97
Let x(r) = r**3 - 4*r**2 + 4*r - 169. What is x(7)?
6
Let y(h) = -2*h**2 + 38*h - 133. Calculate y(5).
7
Let p(a) = a**3 + 48*a**2 + 286*a - 84. Calculate p(-41).
-43
Let h(z) = 283*z - 583. Determine h(0).
-583
Let l(k) = -k**3 - 49*k**2 - 86*k + 346. What is l(-47)?
-30
Let y(n) = -n**2 + 19*n + 166. What is y(-6)?
16
Let u(d) = d**3 + 10*d**2 - 883*d - 278. Give u(-35).
2
Let v(m) = -m**3 - 13*m**2 + 68*m - 9. Give v(-17).
-9
Let n(j) = 185*j - 1845. What is n(10)?
5
Let a(y) = -747*y - 3566. Calculate a(-5).
169
Let k(g) = -4*g + 588. Calculate k(119).
112
Let k(z) = -z**3 - 13*z**2 + 148*z + 116. Determine k(-20).
-44
Let c(n) = -8*n**3 + 6*n**2 + 43*n + 111. Determine c(-3).
252
Let p(n) = -n**3 - 15*n**2 - 34*n - 11. What is p(-14)?
269
Let p(i) = -246*i + 23885. What is p(97)?
23
Let j(h) = -h**2 + 2*h + 2679. Determine j(53).
-24
Let z(o) = 9632*o - 48168. What is z(5)?
-8
Let a(q) = -q**3 + 2*q**2 - 19*q + 56. Calculate a(3).
-10
Let b(k) = 12*k**3 + 215*k**2 - 15*k + 13. Give b(-18).
-41
Let u(d) = 4*d**2 + 9*d - 30. Give u(0).
-30
Let q(s) = -105*s + 283. What is q(2)?
73
Let j(m) = 8*m - 68. Calculate j(-28).
-292
Let o(r) = -35*r + 526. Determine o(15).
1
Let s(d) = -d**3 + 146*d**2 + 1072*d + 10. Calculate s(-7).
3
Let c(i) = -8*i**2 + 19*i - 54. What is c(3)?
-69
Let q(j) = -24*j + 376. Determine q(11).
112
Let b(p) = -2*p**2 - 95*p + 2116. Determine b(-64).
4
Let o(i) = 254*i**2 + 2*i - 2. Determine o(1).
254
Let m(y) = -y**3 + 22*y**2 + 36*y + 136. What is m(24)?
-152
Let u(f) = 1938*f + 112393. What is u(-58)?
-11
Let v(z) = 2*z**2 + 162*z + 2973. Determine v(-53).
5
Let i(m) = -7*m**2 - 28*m + 3. Calculate i(-3).
24
Let c(a) = 439*a - 74195. Calculate c(169).
-4
Let q(m) = 52*m**3 + 2*m**2 - 4*m - 3. Give q(-1).
-49
Let t(g) = g**2 - 143*g - 12723. Calculate t(-62).
-13
Let t(a) = a**3 + 9*a**2 + 9*a - 10. What is t(-7)?
25
Let x(w) = -w**3 + 19*w**2 + 6*w + 225. Calculate x(19).
339
Let w(u) = u**3 + 82*u**2 + 3. Give w(-82).
3
Let l(t) = -33*t + 508. Calculate l(15).
13
Let y(f) = -105*f - 9913. Calculate y(-94).
-43
Let b(m) = 151*m - 3576. Give b(23).
-103
Let i(h) = h**2 + 88*h - 2170. What is i(20)?
-10
Let d(u) = -u**3 + 10*u**2 + 651*u + 52. Calculate d(31).
52
Let w(f) = 197*f + 2358. Determine w(-12).
-6
Let a(o) = o**3 + 46*o**2 + 8*o + 374. Calculate a(-46).
6
Let u(a) = 193*a - 16607. Give u(86).
-9
Let a(i) = -2*i**3 - 4*i**2 - 1688*i - 5064. What is a(-3)?
18
Let a(v) = 375*v**2 - 1133*v + 2. Give a(3).
-22
Le